{"id":431,"date":"2026-03-02T23:45:41","date_gmt":"2026-03-02T20:45:41","guid":{"rendered":"https:\/\/chickychick.com.tr\/?post_type=product&#038;p=431"},"modified":"2026-03-03T23:35:24","modified_gmt":"2026-03-03T20:35:24","slug":"acili-macili-durum","status":"publish","type":"product","link":"https:\/\/chickychick.com.tr\/index.php\/urun\/acili-macili-durum\/","title":{"rendered":"Ac\u0131l\u0131 Mac\u0131l\u0131 D\u00fcr\u00fcm"},"content":{"rendered":"<p>(\u00d6zel paneli tender, domates, tur\u015fu, ye\u015fillik, ac\u0131l\u0131 mac\u0131l\u0131 sos)<\/p>\n","protected":false},"excerpt":{"rendered":"<p>(\u00d6zel paneli tender, domates, tur\u015fu, ye\u015fillik, ac\u0131l\u0131 mac\u0131l\u0131 sos)<\/p>\n","protected":false},"featured_media":544,"comment_status":"open","ping_status":"closed","template":"","meta":[],"product_brand":[],"product_cat":[41],"product_tag":[],"class_list":{"0":"post-431","1":"product","2":"type-product","3":"status-publish","4":"has-post-thumbnail","6":"product_cat-chicky-durum","8":"first","9":"instock","10":"shipping-taxable","11":"product-type-simple"},"_links":{"self":[{"href":"https:\/\/chickychick.com.tr\/index.php\/wp-json\/wp\/v2\/product\/431","targetHints":{"allow":["GET"]}}],"collection":[{"href":"https:\/\/chickychick.com.tr\/index.php\/wp-json\/wp\/v2\/product"}],"about":[{"href":"https:\/\/chickychick.com.tr\/index.php\/wp-json\/wp\/v2\/types\/product"}],"replies":[{"embeddable":true,"href":"https:\/\/chickychick.com.tr\/index.php\/wp-json\/wp\/v2\/comments?post=431"}],"wp:featuredmedia":[{"embeddable":true,"href":"https:\/\/chickychick.com.tr\/index.php\/wp-json\/wp\/v2\/media\/544"}],"wp:attachment":[{"href":"https:\/\/chickychick.com.tr\/index.php\/wp-json\/wp\/v2\/media?parent=431"}],"wp:term":[{"taxonomy":"product_brand","embeddable":true,"href":"https:\/\/chickychick.com.tr\/index.php\/wp-json\/wp\/v2\/product_brand?post=431"},{"taxonomy":"product_cat","embeddable":true,"href":"https:\/\/chickychick.com.tr\/index.php\/wp-json\/wp\/v2\/product_cat?post=431"},{"taxonomy":"product_tag","embeddable":true,"href":"https:\/\/chickychick.com.tr\/index.php\/wp-json\/wp\/v2\/product_tag?post=431"}],"curies":[{"name":"wp","href":"https:\/\/api.w.org\/{rel}","templated":true}]}}